{"id":942,"date":"2026-05-08T14:50:09","date_gmt":"2026-05-08T12:50:09","guid":{"rendered":"https:\/\/bip.zsbolechowo.edu.pl\/?page_id=942"},"modified":"2026-05-08T14:50:09","modified_gmt":"2026-05-08T12:50:09","slug":"pomoc-zdrowotna-dla-nauczycieli-oraz-nauczycieli-emerytow","status":"publish","type":"page","link":"https:\/\/bip.zsbolechowo.edu.pl\/?page_id=942","title":{"rendered":"Pomoc zdrowotna dla nauczycieli oraz nauczycieli emeryt\u00f3w"},"content":{"rendered":"<p class=\"xmsonormal\">Szanowni Pa\u0144stwo,<\/p>\n<p>&nbsp;<\/p>\n<p class=\"xmsonormal\">uprzejmie informuj\u0119, \u017ce posiedzenie komisji ds. przyznawania pomocy zdrowotnej dla nauczycieli oraz nauczycieli emeryt\u00f3w i rencist\u00f3w szk\u00f3\u0142 i plac\u00f3wek prowadzonych przez Powiat Pozna\u0144ski planowane jest na pocz\u0105tek\u00a0czerwca\u00a0br.<\/p>\n<p class=\"xmsonormal\">W zwi\u0105zku z powy\u017cszym\u00a0<b>w terminie do 26\u00a0maja\u00a02026\u00a0\u00a0r.<\/b>\u00a0mo\u017cna sk\u0142ada\u0107 w\u00a0Starostwie Powiatowym w Poznaniu\u00a0wnioski o przyznanie pomocy zdrowotnej dla nauczycieli oraz nauczycieli emeryt\u00f3w i rencist\u00f3w szk\u00f3\u0142 i plac\u00f3wek prowadzonych przez Powiat Pozna\u0144ski, kt\u00f3re b\u0119d\u0105 rozpatrywane na najbli\u017cszym wyznaczonym posiedzeniu komisji (decyduje data wp\u0142ywu do Starostwa Powiatowego w Poznaniu).<\/p>\n<p class=\"xmsonormal\">Jednocze\u015bnie przypominam, \u017ce do wniosku nale\u017cy do\u0142\u0105czy\u0107:<\/p>\n<p class=\"xmsonormal\">1)\u00a0\u00a0\u00a0\u00a0\u00a0\u00a0aktualne za\u015bwiadczenie lekarskie o stanie zdrowia lub inny dokument potwierdzaj\u0105cy stan zdrowia wnioskodawcy,<\/p>\n<p class=\"xmsonormal\">2)\u00a0\u00a0\u00a0\u00a0\u00a0\u00a0dokumenty po\u015bwiadczaj\u0105ce koszty leczenia (faktury, rachunki imienne itp.).<\/p>\n<p class=\"xmsonormal\">\n<p class=\"xmsonormal\">Przypominam r\u00f3wnie\u017c, \u017ce obowi\u0105zuj\u0105\u00a0<b><u>wzory wniosk\u00f3w o przyznanie pomocy zdrowotnej stanowi\u0105ce za\u0142\u0105cznik nr 2 do Uchwa\u0142y Nr 979\/2020 Zarz\u0105du Powiatu w Poznaniu z dnia 13 stycznia 2020 r. w sprawie: uchwalenia regulaminu dzia\u0142ania komisji ds. przyznawania pomocy zdrowotnej dla nauczycieli, nauczycieli emeryt\u00f3w i rencist\u00f3w szk\u00f3\u0142 i plac\u00f3wek prowadzonych przez Powiat Pozna\u0144ski\u00a0<\/u>\u00a0<\/b>(uchwa\u0142y dotycz\u0105ce pomocy zdrowotnej wraz z wzorem wniosku przesy\u0142am w za\u0142\u0105czeniu).<\/p>\n<p>&nbsp;<\/p>\n<p><a href=\"https:\/\/bip.zsbolechowo.edu.pl\/wp-content\/uploads\/2026\/05\/Uchwala-Zarzadu-Powiatu-w-Poznaniu.pdf\">Regulamin &#8211; Uchwa\u0142a Zarz\u0105du Powiatu w Poznaniu<\/a><\/p>\n<p><a href=\"https:\/\/bip.zsbolechowo.edu.pl\/wp-content\/uploads\/2026\/05\/Uchwala-Rady-Powiatu-w-Poznaniu.pdf\">Rodzaje \u015bwiadcze\u0144 &#8211; Uchwa\u0142a Rady Powiatu w Poznaniu<\/a><\/p>\n<p><a href=\"https:\/\/bip.zsbolechowo.edu.pl\/wp-content\/uploads\/2026\/05\/Uchwala-Rady-Powiatu-w-Poznaniu-2.pdf\">Zmiana uchwa\u0142y &#8211; rodzaje \u015bwiadcze\u0144 &#8211; Uchwa\u0142a Rady Powiatu w Poznaniu<\/a><\/p>\n","protected":false},"excerpt":{"rendered":"<p>Szanowni Pa\u0144stwo, &nbsp; uprzejmie informuj\u0119, \u017ce posiedzenie komisji ds. przyznawania pomocy zdrowotnej dla nauczycieli oraz nauczycieli emeryt\u00f3w i rencist\u00f3w szk\u00f3\u0142 i plac\u00f3wek prowadzonych przez Powiat Pozna\u0144ski planowane jest na pocz\u0105tek\u00a0czerwca\u00a0br. W zwi\u0105zku z powy\u017cszym\u00a0w terminie do 26\u00a0maja\u00a02026\u00a0\u00a0r.\u00a0mo\u017cna sk\u0142ada\u0107 w\u00a0Starostwie Powiatowym w Poznaniu\u00a0wnioski o przyznanie pomocy zdrowotnej dla nauczycieli oraz nauczycieli emeryt\u00f3w i rencist\u00f3w szk\u00f3\u0142 i&hellip; <a class=\"more-link\" href=\"https:\/\/bip.zsbolechowo.edu.pl\/?page_id=942\">Czytaj dalej <span class=\"screen-reader-text\">Pomoc zdrowotna dla nauczycieli oraz nauczycieli emeryt\u00f3w<\/span><\/a><\/p>\n","protected":false},"author":1,"featured_media":0,"parent":0,"menu_order":0,"comment_status":"closed","ping_status":"closed","template":"","meta":{"_lmt_disableupdate":"","_lmt_disable":"","footnotes":""},"class_list":["post-942","page","type-page","status-publish","hentry","entry"],"yoast_head":"<!-- This site is optimized with the Yoast SEO plugin v20.5 - https:\/\/yoast.com\/wordpress\/plugins\/seo\/ -->\n<title>Pomoc zdrowotna dla nauczycieli oraz nauczycieli emeryt\u00f3w - BIP Zespo\u0142u Szk\u00f3\u0142 im. Gen. Dezyderego Ch\u0142apowskiego w Bolechowie<\/title>\n<meta name=\"robots\" content=\"index, follow, max-snippet:-1, max-image-preview:large, max-video-preview:-1\" \/>\n<link rel=\"canonical\" href=\"https:\/\/bip.zsbolechowo.edu.pl\/?page_id=942\" \/>\n<meta property=\"og:locale\" content=\"pl_PL\" \/>\n<meta property=\"og:type\" content=\"article\" \/>\n<meta property=\"og:title\" content=\"Pomoc zdrowotna dla nauczycieli oraz nauczycieli emeryt\u00f3w - BIP Zespo\u0142u Szk\u00f3\u0142 im. Gen. Dezyderego Ch\u0142apowskiego w Bolechowie\" \/>\n<meta property=\"og:description\" content=\"Szanowni Pa\u0144stwo, &nbsp; uprzejmie informuj\u0119, \u017ce posiedzenie komisji ds. przyznawania pomocy zdrowotnej dla nauczycieli oraz nauczycieli emeryt\u00f3w i rencist\u00f3w szk\u00f3\u0142 i plac\u00f3wek prowadzonych przez Powiat Pozna\u0144ski planowane jest na pocz\u0105tek\u00a0czerwca\u00a0br. W zwi\u0105zku z powy\u017cszym\u00a0w terminie do 26\u00a0maja\u00a02026\u00a0\u00a0r.\u00a0mo\u017cna sk\u0142ada\u0107 w\u00a0Starostwie Powiatowym w Poznaniu\u00a0wnioski o przyznanie pomocy zdrowotnej dla nauczycieli oraz nauczycieli emeryt\u00f3w i rencist\u00f3w szk\u00f3\u0142 i&hellip; Czytaj dalej Pomoc zdrowotna dla nauczycieli oraz nauczycieli emeryt\u00f3w\" \/>\n<meta property=\"og:url\" content=\"https:\/\/bip.zsbolechowo.edu.pl\/?page_id=942\" \/>\n<meta property=\"og:site_name\" content=\"BIP Zespo\u0142u Szk\u00f3\u0142 im. Gen. Dezyderego Ch\u0142apowskiego w Bolechowie\" \/>\n<meta name=\"twitter:card\" content=\"summary_large_image\" \/>\n<meta name=\"twitter:label1\" content=\"Szacowany czas czytania\" \/>\n\t<meta name=\"twitter:data1\" content=\"2 minuty\" \/>\n<script type=\"application\/ld+json\" class=\"yoast-schema-graph\">{\"@context\":\"https:\/\/schema.org\",\"@graph\":[{\"@type\":\"WebPage\",\"@id\":\"https:\/\/bip.zsbolechowo.edu.pl\/?page_id=942\",\"url\":\"https:\/\/bip.zsbolechowo.edu.pl\/?page_id=942\",\"name\":\"Pomoc zdrowotna dla nauczycieli oraz nauczycieli emeryt\u00f3w - BIP Zespo\u0142u Szk\u00f3\u0142 im. Gen. Dezyderego Ch\u0142apowskiego w Bolechowie\",\"isPartOf\":{\"@id\":\"https:\/\/bip.zsbolechowo.edu.pl\/#website\"},\"datePublished\":\"2026-05-08T12:50:09+00:00\",\"dateModified\":\"2026-05-08T12:50:09+00:00\",\"breadcrumb\":{\"@id\":\"https:\/\/bip.zsbolechowo.edu.pl\/?page_id=942#breadcrumb\"},\"inLanguage\":\"pl-PL\",\"potentialAction\":[{\"@type\":\"ReadAction\",\"target\":[\"https:\/\/bip.zsbolechowo.edu.pl\/?page_id=942\"]}]},{\"@type\":\"BreadcrumbList\",\"@id\":\"https:\/\/bip.zsbolechowo.edu.pl\/?page_id=942#breadcrumb\",\"itemListElement\":[{\"@type\":\"ListItem\",\"position\":1,\"name\":\"Strona g\u0142\u00f3wna\",\"item\":\"https:\/\/bip.zsbolechowo.edu.pl\/\"},{\"@type\":\"ListItem\",\"position\":2,\"name\":\"Pomoc zdrowotna dla nauczycieli oraz nauczycieli emeryt\u00f3w\"}]},{\"@type\":\"WebSite\",\"@id\":\"https:\/\/bip.zsbolechowo.edu.pl\/#website\",\"url\":\"https:\/\/bip.zsbolechowo.edu.pl\/\",\"name\":\"BIP Zespo\u0142u Szk\u00f3\u0142 im. Gen. Dezyderego Ch\u0142apowskiego w Bolechowie\",\"description\":\"Biuletyn Informacji Publicznej Zespo\u0142u Szk\u00f3\u0142 im. Gen. Dezyderego Ch\u0142apowskiego w Bolechowie\",\"potentialAction\":[{\"@type\":\"SearchAction\",\"target\":{\"@type\":\"EntryPoint\",\"urlTemplate\":\"https:\/\/bip.zsbolechowo.edu.pl\/?s={search_term_string}\"},\"query-input\":\"required name=search_term_string\"}],\"inLanguage\":\"pl-PL\"}]}<\/script>\n<!-- \/ Yoast SEO plugin. -->","yoast_head_json":{"title":"Pomoc zdrowotna dla nauczycieli oraz nauczycieli emeryt\u00f3w - BIP Zespo\u0142u Szk\u00f3\u0142 im. Gen. Dezyderego Ch\u0142apowskiego w Bolechowie","robots":{"index":"index","follow":"follow","max-snippet":"max-snippet:-1","max-image-preview":"max-image-preview:large","max-video-preview":"max-video-preview:-1"},"canonical":"https:\/\/bip.zsbolechowo.edu.pl\/?page_id=942","og_locale":"pl_PL","og_type":"article","og_title":"Pomoc zdrowotna dla nauczycieli oraz nauczycieli emeryt\u00f3w - BIP Zespo\u0142u Szk\u00f3\u0142 im. Gen. Dezyderego Ch\u0142apowskiego w Bolechowie","og_description":"Szanowni Pa\u0144stwo, &nbsp; uprzejmie informuj\u0119, \u017ce posiedzenie komisji ds. przyznawania pomocy zdrowotnej dla nauczycieli oraz nauczycieli emeryt\u00f3w i rencist\u00f3w szk\u00f3\u0142 i plac\u00f3wek prowadzonych przez Powiat Pozna\u0144ski planowane jest na pocz\u0105tek\u00a0czerwca\u00a0br. W zwi\u0105zku z powy\u017cszym\u00a0w terminie do 26\u00a0maja\u00a02026\u00a0\u00a0r.\u00a0mo\u017cna sk\u0142ada\u0107 w\u00a0Starostwie Powiatowym w Poznaniu\u00a0wnioski o przyznanie pomocy zdrowotnej dla nauczycieli oraz nauczycieli emeryt\u00f3w i rencist\u00f3w szk\u00f3\u0142 i&hellip; Czytaj dalej Pomoc zdrowotna dla nauczycieli oraz nauczycieli emeryt\u00f3w","og_url":"https:\/\/bip.zsbolechowo.edu.pl\/?page_id=942","og_site_name":"BIP Zespo\u0142u Szk\u00f3\u0142 im. Gen. Dezyderego Ch\u0142apowskiego w Bolechowie","twitter_card":"summary_large_image","twitter_misc":{"Szacowany czas czytania":"2 minuty"},"schema":{"@context":"https:\/\/schema.org","@graph":[{"@type":"WebPage","@id":"https:\/\/bip.zsbolechowo.edu.pl\/?page_id=942","url":"https:\/\/bip.zsbolechowo.edu.pl\/?page_id=942","name":"Pomoc zdrowotna dla nauczycieli oraz nauczycieli emeryt\u00f3w - BIP Zespo\u0142u Szk\u00f3\u0142 im. Gen. Dezyderego Ch\u0142apowskiego w Bolechowie","isPartOf":{"@id":"https:\/\/bip.zsbolechowo.edu.pl\/#website"},"datePublished":"2026-05-08T12:50:09+00:00","dateModified":"2026-05-08T12:50:09+00:00","breadcrumb":{"@id":"https:\/\/bip.zsbolechowo.edu.pl\/?page_id=942#breadcrumb"},"inLanguage":"pl-PL","potentialAction":[{"@type":"ReadAction","target":["https:\/\/bip.zsbolechowo.edu.pl\/?page_id=942"]}]},{"@type":"BreadcrumbList","@id":"https:\/\/bip.zsbolechowo.edu.pl\/?page_id=942#breadcrumb","itemListElement":[{"@type":"ListItem","position":1,"name":"Strona g\u0142\u00f3wna","item":"https:\/\/bip.zsbolechowo.edu.pl\/"},{"@type":"ListItem","position":2,"name":"Pomoc zdrowotna dla nauczycieli oraz nauczycieli emeryt\u00f3w"}]},{"@type":"WebSite","@id":"https:\/\/bip.zsbolechowo.edu.pl\/#website","url":"https:\/\/bip.zsbolechowo.edu.pl\/","name":"BIP Zespo\u0142u Szk\u00f3\u0142 im. Gen. Dezyderego Ch\u0142apowskiego w Bolechowie","description":"Biuletyn Informacji Publicznej Zespo\u0142u Szk\u00f3\u0142 im. Gen. Dezyderego Ch\u0142apowskiego w Bolechowie","potentialAction":[{"@type":"SearchAction","target":{"@type":"EntryPoint","urlTemplate":"https:\/\/bip.zsbolechowo.edu.pl\/?s={search_term_string}"},"query-input":"required name=search_term_string"}],"inLanguage":"pl-PL"}]}},"_links":{"self":[{"href":"https:\/\/bip.zsbolechowo.edu.pl\/index.php?rest_route=\/wp\/v2\/pages\/942","targetHints":{"allow":["GET"]}}],"collection":[{"href":"https:\/\/bip.zsbolechowo.edu.pl\/index.php?rest_route=\/wp\/v2\/pages"}],"about":[{"href":"https:\/\/bip.zsbolechowo.edu.pl\/index.php?rest_route=\/wp\/v2\/types\/page"}],"author":[{"embeddable":true,"href":"https:\/\/bip.zsbolechowo.edu.pl\/index.php?rest_route=\/wp\/v2\/users\/1"}],"replies":[{"embeddable":true,"href":"https:\/\/bip.zsbolechowo.edu.pl\/index.php?rest_route=%2Fwp%2Fv2%2Fcomments&post=942"}],"version-history":[{"count":1,"href":"https:\/\/bip.zsbolechowo.edu.pl\/index.php?rest_route=\/wp\/v2\/pages\/942\/revisions"}],"predecessor-version":[{"id":946,"href":"https:\/\/bip.zsbolechowo.edu.pl\/index.php?rest_route=\/wp\/v2\/pages\/942\/revisions\/946"}],"wp:attachment":[{"href":"https:\/\/bip.zsbolechowo.edu.pl\/index.php?rest_route=%2Fwp%2Fv2%2Fmedia&parent=942"}],"curies":[{"name":"wp","href":"https:\/\/api.w.org\/{rel}","templated":true}]}}