{"id":448,"date":"2023-04-13T20:41:25","date_gmt":"2023-04-13T18:41:25","guid":{"rendered":"https:\/\/bip2.zsbolechowo.edu.pl\/?page_id=448"},"modified":"2023-04-13T20:41:25","modified_gmt":"2023-04-13T18:41:25","slug":"zapytania-ofertowe-2022","status":"publish","type":"page","link":"https:\/\/bip.zsbolechowo.edu.pl\/?page_id=448","title":{"rendered":"Zapytania ofertowe 2022"},"content":{"rendered":"<div>\n<div><strong>OG\u0141OSZENIE O TERMINIE PUBLICZNEGO OTWARCIA OFERT<\/strong><\/div>\n<div><strong>\u00a0<\/strong><\/div>\n<div><strong>Informujemy, \u017ce publiczne otwarcie ofert z\u0142o\u017conych na realizacj\u0119 zam\u00f3wienia dotycz\u0105cego zakupu roboty budowlanej polegaj\u0105cej na wykonaniu prac remontowych zwi\u0105zanych z dostaw\u0105 i monta\u017cem nowej ok\u0142adziny kamiennej o charakterystyce przeciwpo\u015blizgowej dla schod\u00f3w zewn\u0119trznych budynk\u00f3w Zespo\u0142u Szk\u00f3\u0142 im. Gen. Dezyderego Ch\u0142apowskiego przy ul. Obornickiej 1 w Bolechowie odb\u0119dzie si\u0119 w dniu 12.08.2022 roku o godzinie 10:00 w sali nr 23 budynku szko\u0142y w Bolechowie.<\/strong><\/div>\n<div><\/div>\n<div><strong>\u2010&#8212;&#8212;&#8212;&#8212;&#8212;<\/strong><\/div>\n<div><\/div>\n<div><strong>OG\u0141OSZENIE O ZAM\u00d3WIENIU<br \/>\n<\/strong>ZESP\u00d3\u0141 SZK\u00d3\u0141 im. GEN. DEZYDEREGO CH\u0141APOWSKIEGO W BOLECHOWIE<\/div>\n<div><\/div>\n<div>Zesp\u00f3\u0142 Szk\u00f3\u0142 im. Gen. Dezyderego Ch\u0142apowskiego w Bolechowie zaprasza do sk\u0142adania ofert dla zam\u00f3wienia na\u00a0<strong>zakup roboty budowlanej polegaj\u0105cej na wykonaniu prac remontowych zwi\u0105zanych z dostaw\u0105 i monta\u017cem nowej ok\u0142adziny kamiennej o charakterystyce przeciwpo\u015blizgowej<\/strong><\/div>\n<div><\/div>\n<div><strong>dla schod\u00f3w zewn\u0119trznych budynk\u00f3w Zespo\u0142u Szk\u00f3\u0142 im. Gen. Dezyderego Ch\u0142apowskiego<\/strong><\/div>\n<div><\/div>\n<div><strong>przy ul. Obornickiej 1 w Bolechowie<\/strong>.<\/div>\n<div><\/div>\n<div><\/div>\n<div>Termin sk\u0142adania ofert okre\u015bla si\u0119 na dzie\u0144 05.08.2022r.<\/div>\n<div><\/div>\n<div>Termin wykonania zam\u00f3wienia okre\u015bla si\u0119 na dzie\u0144 31.08.2022r.<\/div>\n<div><\/div>\n<div>Opis przedmiotu zam\u00f3wienia stanowi za\u0142\u0105cznik do niniejszego og\u0142oszenia.<\/div>\n<div><\/div>\n<div>Zamawiaj\u0105cy informuje, \u017ce przyj\u0105\u0142 nast\u0119puj\u0105ce kryteria ocen ofert:<\/div>\n<div><\/div>\n<div>Kryterium nr 1: Cena 60%<\/div>\n<div><\/div>\n<div>Kryterium nr 2: Okres gwarancji na wykonany przedmiot zam\u00f3wienia 30%<\/div>\n<div><\/div>\n<div>Kryterium nr 3: Termin wykonania zam\u00f3wienia 10%<\/div>\n<div><\/div>\n<div><\/div>\n<div><\/div>\n<div>Zamawiaj\u0105cy wymaga, by Wykonawca:<\/div>\n<div><\/div>\n<div>1) udzieli\u0142 minimum 60 miesi\u0119cy gwarancji na wykonany przedmiot zam\u00f3wienia,<\/div>\n<div><\/div>\n<div>2) zaoferowa\u0142 gwarancje producenta na zastosowane materia\u0142y i urz\u0105dzenia,<\/div>\n<div><\/div>\n<div>3) zagwarantowa\u0142, i\u017c prace b\u0119d\u0105 prowadzone w spos\u00f3b jak najmniej uci\u0105\u017cliwy dla u\u017cytkownik\u00f3w Obiektu,<\/div>\n<div><\/div>\n<div>4) zrealizowa\u0142 zam\u00f3wienie zgodnie ze wsp\u00f3\u0142czesn\u0105 wiedz\u0105 techniczn\u0105, obowi\u0105zuj\u0105cymi w tym zakresie przepisami, a w szczeg\u00f3lno\u015bci ustaw\u0105 z dnia 7 lipca 1994 r. \u2013 Prawo budowlane (Dz. U. z 2021 r., poz. 2351 ze zm.), obowi\u0105zuj\u0105cymi normami technicznymi, standardami, zasadami sztuki budowlanej, etyk\u0105 zawodow\u0105 oraz postanowieniami umowy.<\/div>\n<div><\/div>\n<div><\/div>\n<div>Zamawiaj\u0105cy uzna spe\u0142nienie przedmiotowego warunku, je\u017celi Wykonawca wyka\u017ce:<\/div>\n<div><\/div>\n<div>a) nale\u017cyte wykonanie w okresie ostatnich pi\u0119ciu lat przed up\u0142ywem terminu sk\u0142adania ofert, a je\u017celi okres prowadzenia dzia\u0142alno\u015bci jest kr\u00f3tszy \u2013 w tym okresie minimum jednego zam\u00f3wienia polegaj\u0105cego na wykonaniu prac pozostaj\u0105cych przedmiotem og\u0142oszenia o warto\u015bci nie mniejszej ni\u017c 100.000,00 z\u0142 brutto,<\/div>\n<div>b) i\u017c osoby, kt\u00f3re b\u0119d\u0105 uczestniczy\u0107 w wykonywaniu zam\u00f3wienia (b\u0119d\u0105 nadzorowa\u0107 prace), posiadaj\u0105 uprawnienia do kierowania robotami budowlanymi w specjalno\u015bci konstrukcyjno \u2013 budowlanej lub architektonicznej, a tak\u017ce wska\u017ce podstaw\u0119 do dysponowania tymi osobami.<\/div>\n<div><\/div>\n<div><\/div>\n<div>Za\u0142\u0105cznik nr 1:\u00a0 Opis przedmiotu zam\u00f3wienia &#8211; link na dole strony<\/div>\n<div>Za\u0142\u0105cznik nr 2:\u00a0 Umowa wykonawcza &#8211; link na dole strony<\/div>\n<div>Za\u0142\u0105cznik nr 3:\u00a0 Umowa wykonawcza-za\u0142\u0105cznik &#8211; link na dole strony<\/div>\n<div><\/div>\n<div>\n<hr \/>\n<\/div>\n<div><\/div>\n<div>INFORMACJA O UNIEWA\u017bNIENIU POST\u0118POWANIA<\/p>\n<\/div>\n<div>na zakup roboty budowlanej polegaj\u0105cej na wykonaniu prac remontowych zwi\u0105zanych z dostaw\u0105\u00a0 \u00a0\u00a0\u00a0\u00a0\u00a0\u00a0i monta\u017cem nowej ok\u0142adziny kamiennej o charakterystyce przeciwpo\u015blizgowej dla schod\u00f3w zewn\u0119trznych budynk\u00f3w Zespo\u0142u Szk\u00f3\u0142 im. Gen. Dezyderego Ch\u0142apowskiego przy ul. Obornickiej 1\u00a0\u00a0 \u00a0w Bolechowie.<\/div>\n<div><\/div>\n<div>Dzia\u0142aj\u0105c na podstawie art. 255 pkt 3 Ustawy z dnia 11 wrze\u015bnia 2019 r. Prawo zam\u00f3wie\u0144 publicznych (Dz. U. z 2021 r., poz. 1129 ze zm.) informujemy, \u017ce uniewa\u017cnia si\u0119 niniejsze post\u0119powanie poniewa\u017c oferta z najni\u017csz\u0105 cen\u0105 przewy\u017csza kwot\u0119, kt\u00f3r\u0105 zamawiaj\u0105cy zamierza\u0142 przeznaczy\u0107 na sfinansowanie zam\u00f3wienia.<\/div>\n<div><\/div>\n<div>\n<hr \/>\n<\/div>\n<div><\/div>\n<div>OG\u0141OSZENIE O TERMINIE PUBLICZNEGO OTWARCIA OFERT<\/div>\n<div><\/div>\n<div>Informujemy, \u017ce publiczne otwarcie ofert z\u0142o\u017conych na realizacj\u0119 zam\u00f3wienia dotycz\u0105cego zakupu roboty budowlanej polegaj\u0105cej na wykonaniu prac remontowych zwi\u0105zanych z dostaw\u0105 i monta\u017cem nowej ok\u0142adziny kamiennej o charakterystyce przeciwpo\u015blizgowej dla schod\u00f3w zewn\u0119trznych budynk\u00f3w Zespo\u0142u Szk\u00f3\u0142 im. Gen. Dezyderego Ch\u0142apowskiego przy ul. Obornickiej 1 w Bolechowie odb\u0119dzie si\u0119 w dniu 22.07.2022 roku o godzinie 10:00 w sali nr 23 budynku szko\u0142y w Bolechowie.<\/div>\n<div><\/div>\n<div>\n<hr \/>\n<\/div>\n<div><\/div>\n<div><strong>OG\u0141OSZENIE O ZAM\u00d3WIENIU<\/p>\n<p><\/strong>Zesp\u00f3\u0142 Szk\u00f3\u0142 im. Gen. Dezyderego Ch\u0142apowskiego w Bolechowie zaprasza do sk\u0142adania ofert dla zam\u00f3wienia na\u00a0<strong>zakup roboty budowlanej polegaj\u0105cej na wykonaniu prac remontowych zwi\u0105zanych z dostaw\u0105 i monta\u017cem nowej ok\u0142adziny kamiennej o charakterystyce przeciwpo\u015blizgowej\u00a0<\/strong><strong>dla schod\u00f3w zewn\u0119trznych budynk\u00f3w Zespo\u0142u Szk\u00f3\u0142 im. Gen. Dezyderego Ch\u0142apowskiego\u00a0<\/strong><strong>przy ul. Obornickiej 1 w Bolechowie<\/strong>.<\/div>\n<div class=\"default-style\"><\/div>\n<div><\/div>\n<div>Termin sk\u0142adania ofert okre\u015bla si\u0119 na dzie\u0144 20.07.2022r.<\/div>\n<div><\/div>\n<div>Termin wykonania zam\u00f3wienia okre\u015bla si\u0119 na dzie\u0144 31.08.2022r.<\/div>\n<div><\/div>\n<div>Opis przedmiotu zam\u00f3wienia stanowi za\u0142\u0105cznik do niniejszego og\u0142oszenia.<\/div>\n<div><\/div>\n<div>Zamawiaj\u0105cy informuje, \u017ce przyj\u0105\u0142 nast\u0119puj\u0105ce kryteria ocen ofert:<\/div>\n<div><\/div>\n<div>Kryterium nr 1: Cena 60%<\/div>\n<div><\/div>\n<div>Kryterium nr 2: Okres gwarancji na wykonany przedmiot zam\u00f3wienia 30%<\/div>\n<div><\/div>\n<div>Kryterium nr 3: Termin wykonania zam\u00f3wienia 10%<\/div>\n<div><\/div>\n<div><\/div>\n<div>Zamawiaj\u0105cy wymaga, by Wykonawca:<\/div>\n<div><\/div>\n<div>1) udzieli\u0142 minimum 60 miesi\u0119cy gwarancji na wykonany przedmiot zam\u00f3wienia,<\/div>\n<div><\/div>\n<div>2) zaoferowa\u0142 gwarancje producenta na zastosowane materia\u0142y i urz\u0105dzenia,<\/div>\n<div><\/div>\n<div>3) zagwarantowa\u0142, i\u017c prace b\u0119d\u0105 prowadzone w spos\u00f3b jak najmniej uci\u0105\u017cliwy dla u\u017cytkownik\u00f3w Obiektu,<\/div>\n<div><\/div>\n<div>4) zrealizowa\u0142 zam\u00f3wienie zgodnie ze wsp\u00f3\u0142czesn\u0105 wiedz\u0105 techniczn\u0105, obowi\u0105zuj\u0105cymi w tym zakresie przepisami, a w szczeg\u00f3lno\u015bci ustaw\u0105 z dnia 7 lipca 1994 r. \u2013 Prawo budowlane (Dz. U. z 2021 r., poz. 2351 ze zm.), obowi\u0105zuj\u0105cymi normami technicznymi, standardami, zasadami sztuki budowlanej, etyk\u0105 zawodow\u0105 oraz postanowieniami umowy.<\/div>\n<div><\/div>\n<div><\/div>\n<div>Zamawiaj\u0105cy uzna spe\u0142nienie przedmiotowego warunku, je\u017celi Wykonawca wyka\u017ce:<\/div>\n<div>a) nale\u017cyte wykonanie w okresie ostatnich pi\u0119ciu lat przed up\u0142ywem terminu sk\u0142adania ofert, a je\u017celi okres prowadzenia dzia\u0142alno\u015bci jest kr\u00f3tszy \u2013 w tym okresie minimum jednego zam\u00f3wienia polegaj\u0105cego na wykonaniu prac pozostaj\u0105cych przedmiotem og\u0142oszenia o warto\u015bci nie mniejszej ni\u017c 100.000,00 z\u0142 brutto,<\/div>\n<div>b) i\u017c osoby, kt\u00f3re b\u0119d\u0105 uczestniczy\u0107 w wykonywaniu zam\u00f3wienia (b\u0119d\u0105 nadzorowa\u0107 prace), posiadaj\u0105 uprawnienia do kierowania robotami budowlanymi w specjalno\u015bci konstrukcyjno \u2013 budowlanej lub architektonicznej, a tak\u017ce wska\u017ce podstaw\u0119 do dysponowania tymi osobami.<\/div>\n<div><\/div>\n<div>\n<div class=\"default-style\">\n<div class=\"default-style\">\n<div class=\"default-style\">\n<div class=\"default-style\">\n<div>Za\u0142\u0105cznik nr 1:\u00a0 Opis przedmiotu zam\u00f3wienia<\/div>\n<div class=\"default-style\">Za\u0142\u0105cznik nr 2:\u00a0 Umowa wykonawcza<\/div>\n<\/div>\n<\/div>\n<\/div>\n<\/div>\n<div>Za\u0142\u0105cznik nr 3:\u00a0 Umowa wykonawcza-za\u0142\u0105cznik<\/div>\n<\/div>\n<div><\/div>\n<div>\n<hr \/>\n<\/div>\n<div><\/div>\n<div><strong>INFORMACJA O UNIEWA\u017bNIENIU POST\u0118POWANIA<\/p>\n<p><\/strong><\/div>\n<div>na zakup roboty budowlanej polegaj\u0105cej na wykonaniu prac remontowych zwi\u0105zanych z dostaw\u0105\u00a0 \u00a0\u00a0\u00a0\u00a0\u00a0\u00a0i monta\u017cem nowej ok\u0142adziny kamiennej o charakterystyce przeciwpo\u015blizgowej dla schod\u00f3w zewn\u0119trznych budynk\u00f3w Zespo\u0142u Szk\u00f3\u0142 im. Gen. Dezyderego Ch\u0142apowskiego przy ul. Obornickiej 1\u00a0\u00a0 \u00a0w Bolechowie.<\/div>\n<div><\/div>\n<div><strong>\u00a0<\/strong>Dzia\u0142aj\u0105c na podstawie art. 255 pkt 3 Ustawy z dnia 11 wrze\u015bnia 2019 r. Prawo zam\u00f3wie\u0144 publicznych (Dz. U. z 2021 r., poz. 1129 ze zm.) informujemy, \u017ce uniewa\u017cnia si\u0119 niniejsze post\u0119powanie poniewa\u017c oferta z najni\u017csz\u0105 cen\u0105 przewy\u017csza kwot\u0119, kt\u00f3r\u0105 zamawiaj\u0105cy zamierza\u0142 przeznaczy\u0107 na sfinansowanie zam\u00f3wienia.<\/div>\n<div><\/div>\n<div>\n<hr \/>\n<\/div>\n<div><\/div>\n<div><strong>OG\u0141OSZENIE O TERMINIE PUBLICZNEGO OTWARCIA OFERT<\/strong><\/div>\n<div class=\"default-style\"><\/div>\n<div class=\"default-style\">Informujemy, \u017ce publiczne otwarcie ofert z\u0142o\u017conych na realizacj\u0119 zam\u00f3wienia dotycz\u0105cego\u00a0<strong>zakupu roboty budowlanej polegaj\u0105cej na wykonaniu prac remontowych zwi\u0105zanych z dostaw\u0105 i monta\u017cem nowej ok\u0142adziny kamiennej o charakterystyce przeciwpo\u015blizgowej\u00a0dla schod\u00f3w zewn\u0119trznych budynk\u00f3w Zespo\u0142u Szk\u00f3\u0142 im. Gen. Dezyderego Ch\u0142apowskiego\u00a0przy ul. Obornickiej 1 w Bolechowie<\/strong>\u00a0odb\u0119dzie si\u0119 w dniu 08.07.2022 roku o godzinie 10:00 w sali nr 23 budynku szko\u0142y w Bolechowie.<\/div>\n<div class=\"default-style\"><\/div>\n<\/div>\n<div>\n<hr \/>\n<\/div>\n<div><\/div>\n<div><strong>OG\u0141OSZENIE O ZAM\u00d3WIENIU<\/p>\n<p><\/strong>Zesp\u00f3\u0142 Szk\u00f3\u0142 im. Gen. Dezyderego Ch\u0142apowskiego w Bolechowie zaprasza do sk\u0142adania ofert dla zam\u00f3wienia na\u00a0<strong>zakup roboty budowlanej polegaj\u0105cej na wykonaniu prac remontowych zwi\u0105zanych z dostaw\u0105 i monta\u017cem nowej ok\u0142adziny kamiennej o charakterystyce przeciwpo\u015blizgowej\u00a0<\/strong><strong>dla schod\u00f3w zewn\u0119trznych budynk\u00f3w Zespo\u0142u Szk\u00f3\u0142 im. Gen. Dezyderego Ch\u0142apowskiego\u00a0<\/strong><strong>przy ul. Obornickiej 1 w Bolechowie<\/strong>.<\/div>\n<div class=\"default-style\"><\/div>\n<div><\/div>\n<div>Termin sk\u0142adania ofert okre\u015bla si\u0119 na dzie\u0144 06.07.2022r.<\/div>\n<div><\/div>\n<div>Termin wykonania zam\u00f3wienia okre\u015bla si\u0119 na dzie\u0144 31.08.2022r.<\/div>\n<div><\/div>\n<div>Opis przedmiotu zam\u00f3wienia stanowi za\u0142\u0105cznik do niniejszego og\u0142oszenia.<\/div>\n<div><\/div>\n<div>Zamawiaj\u0105cy informuje, \u017ce przyj\u0105\u0142 nast\u0119puj\u0105ce kryteria ocen ofert:<\/div>\n<div><\/div>\n<div>Kryterium nr 1: Cena 60%<\/div>\n<div><\/div>\n<div>Kryterium nr 2: Okres gwarancji na wykonany przedmiot zam\u00f3wienia 30%<\/div>\n<div><\/div>\n<div>Kryterium nr 3: Termin wykonania zam\u00f3wienia 10%<\/div>\n<div><\/div>\n<div><\/div>\n<div>Zamawiaj\u0105cy wymaga, by Wykonawca:<\/div>\n<div><\/div>\n<div>1) udzieli\u0142 minimum 60 miesi\u0119cy gwarancji na wykonany przedmiot zam\u00f3wienia,<\/div>\n<div><\/div>\n<div>2) zaoferowa\u0142 gwarancje producenta na zastosowane materia\u0142y i urz\u0105dzenia,<\/div>\n<div><\/div>\n<div>3) zagwarantowa\u0142, i\u017c prace b\u0119d\u0105 prowadzone w spos\u00f3b jak najmniej uci\u0105\u017cliwy dla u\u017cytkownik\u00f3w Obiektu,<\/div>\n<div><\/div>\n<div>4) zrealizowa\u0142 zam\u00f3wienie zgodnie ze wsp\u00f3\u0142czesn\u0105 wiedz\u0105 techniczn\u0105, obowi\u0105zuj\u0105cymi w tym zakresie przepisami, a w szczeg\u00f3lno\u015bci ustaw\u0105 z dnia 7 lipca 1994 r. \u2013 Prawo budowlane (Dz. U. z 2021 r., poz. 2351 ze zm.), obowi\u0105zuj\u0105cymi normami technicznymi, standardami, zasadami sztuki budowlanej, etyk\u0105 zawodow\u0105 oraz postanowieniami umowy.<\/div>\n<div><\/div>\n<div><\/div>\n<div>Zamawiaj\u0105cy uzna spe\u0142nienie przedmiotowego warunku, je\u017celi Wykonawca wyka\u017ce:<\/div>\n<div>a) nale\u017cyte wykonanie w okresie ostatnich pi\u0119ciu lat przed up\u0142ywem terminu sk\u0142adania ofert, a je\u017celi okres prowadzenia dzia\u0142alno\u015bci jest kr\u00f3tszy \u2013 w tym okresie minimum jednego zam\u00f3wienia polegaj\u0105cego na wykonaniu prac pozostaj\u0105cych przedmiotem og\u0142oszenia o warto\u015bci nie mniejszej ni\u017c 100.000,00 z\u0142 brutto,<\/div>\n<div>b) i\u017c osoby, kt\u00f3re b\u0119d\u0105 uczestniczy\u0107 w wykonywaniu zam\u00f3wienia (b\u0119d\u0105 nadzorowa\u0107 prace), posiadaj\u0105 uprawnienia do kierowania robotami budowlanymi w specjalno\u015bci konstrukcyjno \u2013 budowlanej lub architektonicznej, a tak\u017ce wska\u017ce podstaw\u0119 do dysponowania tymi osobami.<\/div>\n","protected":false},"excerpt":{"rendered":"<p>OG\u0141OSZENIE O TERMINIE PUBLICZNEGO OTWARCIA OFERT \u00a0 Informujemy, \u017ce publiczne otwarcie ofert z\u0142o\u017conych na realizacj\u0119 zam\u00f3wienia dotycz\u0105cego zakupu roboty budowlanej polegaj\u0105cej na wykonaniu prac remontowych zwi\u0105zanych z dostaw\u0105 i monta\u017cem nowej ok\u0142adziny kamiennej o charakterystyce przeciwpo\u015blizgowej dla schod\u00f3w zewn\u0119trznych budynk\u00f3w Zespo\u0142u Szk\u00f3\u0142 im. Gen. Dezyderego Ch\u0142apowskiego przy ul. Obornickiej 1 w Bolechowie odb\u0119dzie si\u0119 w&hellip; <a class=\"more-link\" href=\"https:\/\/bip.zsbolechowo.edu.pl\/?page_id=448\">Czytaj dalej <span class=\"screen-reader-text\">Zapytania ofertowe 2022<\/span><\/a><\/p>\n","protected":false},"author":1,"featured_media":0,"parent":0,"menu_order":0,"comment_status":"closed","ping_status":"closed","template":"","meta":{"_lmt_disableupdate":"","_lmt_disable":"","footnotes":""},"class_list":["post-448","page","type-page","status-publish","hentry","entry"],"yoast_head":"<!-- This site is optimized with the Yoast SEO plugin v20.5 - https:\/\/yoast.com\/wordpress\/plugins\/seo\/ -->\n<title>Zapytania ofertowe 2022 - BIP Zespo\u0142u Szk\u00f3\u0142 im. Gen. Dezyderego Ch\u0142apowskiego w Bolechowie<\/title>\n<meta name=\"robots\" content=\"index, follow, max-snippet:-1, max-image-preview:large, max-video-preview:-1\" \/>\n<link rel=\"canonical\" href=\"https:\/\/bip.zsbolechowo.edu.pl\/?page_id=448\" \/>\n<meta property=\"og:locale\" content=\"pl_PL\" \/>\n<meta property=\"og:type\" content=\"article\" \/>\n<meta property=\"og:title\" content=\"Zapytania ofertowe 2022 - BIP Zespo\u0142u Szk\u00f3\u0142 im. Gen. Dezyderego Ch\u0142apowskiego w Bolechowie\" \/>\n<meta property=\"og:description\" content=\"OG\u0141OSZENIE O TERMINIE PUBLICZNEGO OTWARCIA OFERT \u00a0 Informujemy, \u017ce publiczne otwarcie ofert z\u0142o\u017conych na realizacj\u0119 zam\u00f3wienia dotycz\u0105cego zakupu roboty budowlanej polegaj\u0105cej na wykonaniu prac remontowych zwi\u0105zanych z dostaw\u0105 i monta\u017cem nowej ok\u0142adziny kamiennej o charakterystyce przeciwpo\u015blizgowej dla schod\u00f3w zewn\u0119trznych budynk\u00f3w Zespo\u0142u Szk\u00f3\u0142 im. Gen. Dezyderego Ch\u0142apowskiego przy ul. Obornickiej 1 w Bolechowie odb\u0119dzie si\u0119 w&hellip; Czytaj dalej Zapytania ofertowe 2022\" \/>\n<meta property=\"og:url\" content=\"https:\/\/bip.zsbolechowo.edu.pl\/?page_id=448\" \/>\n<meta property=\"og:site_name\" content=\"BIP Zespo\u0142u Szk\u00f3\u0142 im. Gen. Dezyderego Ch\u0142apowskiego w Bolechowie\" \/>\n<meta name=\"twitter:card\" content=\"summary_large_image\" \/>\n<meta name=\"twitter:label1\" content=\"Szacowany czas czytania\" \/>\n\t<meta name=\"twitter:data1\" content=\"8 minut\" \/>\n<script type=\"application\/ld+json\" class=\"yoast-schema-graph\">{\"@context\":\"https:\/\/schema.org\",\"@graph\":[{\"@type\":\"WebPage\",\"@id\":\"https:\/\/bip.zsbolechowo.edu.pl\/?page_id=448\",\"url\":\"https:\/\/bip.zsbolechowo.edu.pl\/?page_id=448\",\"name\":\"Zapytania ofertowe 2022 - BIP Zespo\u0142u Szk\u00f3\u0142 im. Gen. Dezyderego Ch\u0142apowskiego w Bolechowie\",\"isPartOf\":{\"@id\":\"https:\/\/bip.zsbolechowo.edu.pl\/#website\"},\"datePublished\":\"2023-04-13T18:41:25+00:00\",\"dateModified\":\"2023-04-13T18:41:25+00:00\",\"breadcrumb\":{\"@id\":\"https:\/\/bip.zsbolechowo.edu.pl\/?page_id=448#breadcrumb\"},\"inLanguage\":\"pl-PL\",\"potentialAction\":[{\"@type\":\"ReadAction\",\"target\":[\"https:\/\/bip.zsbolechowo.edu.pl\/?page_id=448\"]}]},{\"@type\":\"BreadcrumbList\",\"@id\":\"https:\/\/bip.zsbolechowo.edu.pl\/?page_id=448#breadcrumb\",\"itemListElement\":[{\"@type\":\"ListItem\",\"position\":1,\"name\":\"Strona g\u0142\u00f3wna\",\"item\":\"https:\/\/bip.zsbolechowo.edu.pl\/\"},{\"@type\":\"ListItem\",\"position\":2,\"name\":\"Zapytania ofertowe 2022\"}]},{\"@type\":\"WebSite\",\"@id\":\"https:\/\/bip.zsbolechowo.edu.pl\/#website\",\"url\":\"https:\/\/bip.zsbolechowo.edu.pl\/\",\"name\":\"BIP Zespo\u0142u Szk\u00f3\u0142 im. Gen. Dezyderego Ch\u0142apowskiego w Bolechowie\",\"description\":\"Biuletyn Informacji Publicznej Zespo\u0142u Szk\u00f3\u0142 im. Gen. Dezyderego Ch\u0142apowskiego w Bolechowie\",\"potentialAction\":[{\"@type\":\"SearchAction\",\"target\":{\"@type\":\"EntryPoint\",\"urlTemplate\":\"https:\/\/bip.zsbolechowo.edu.pl\/?s={search_term_string}\"},\"query-input\":\"required name=search_term_string\"}],\"inLanguage\":\"pl-PL\"}]}<\/script>\n<!-- \/ Yoast SEO plugin. -->","yoast_head_json":{"title":"Zapytania ofertowe 2022 - BIP Zespo\u0142u Szk\u00f3\u0142 im. Gen. Dezyderego Ch\u0142apowskiego w Bolechowie","robots":{"index":"index","follow":"follow","max-snippet":"max-snippet:-1","max-image-preview":"max-image-preview:large","max-video-preview":"max-video-preview:-1"},"canonical":"https:\/\/bip.zsbolechowo.edu.pl\/?page_id=448","og_locale":"pl_PL","og_type":"article","og_title":"Zapytania ofertowe 2022 - BIP Zespo\u0142u Szk\u00f3\u0142 im. Gen. Dezyderego Ch\u0142apowskiego w Bolechowie","og_description":"OG\u0141OSZENIE O TERMINIE PUBLICZNEGO OTWARCIA OFERT \u00a0 Informujemy, \u017ce publiczne otwarcie ofert z\u0142o\u017conych na realizacj\u0119 zam\u00f3wienia dotycz\u0105cego zakupu roboty budowlanej polegaj\u0105cej na wykonaniu prac remontowych zwi\u0105zanych z dostaw\u0105 i monta\u017cem nowej ok\u0142adziny kamiennej o charakterystyce przeciwpo\u015blizgowej dla schod\u00f3w zewn\u0119trznych budynk\u00f3w Zespo\u0142u Szk\u00f3\u0142 im. Gen. Dezyderego Ch\u0142apowskiego przy ul. Obornickiej 1 w Bolechowie odb\u0119dzie si\u0119 w&hellip; Czytaj dalej Zapytania ofertowe 2022","og_url":"https:\/\/bip.zsbolechowo.edu.pl\/?page_id=448","og_site_name":"BIP Zespo\u0142u Szk\u00f3\u0142 im. Gen. Dezyderego Ch\u0142apowskiego w Bolechowie","twitter_card":"summary_large_image","twitter_misc":{"Szacowany czas czytania":"8 minut"},"schema":{"@context":"https:\/\/schema.org","@graph":[{"@type":"WebPage","@id":"https:\/\/bip.zsbolechowo.edu.pl\/?page_id=448","url":"https:\/\/bip.zsbolechowo.edu.pl\/?page_id=448","name":"Zapytania ofertowe 2022 - BIP Zespo\u0142u Szk\u00f3\u0142 im. Gen. Dezyderego Ch\u0142apowskiego w Bolechowie","isPartOf":{"@id":"https:\/\/bip.zsbolechowo.edu.pl\/#website"},"datePublished":"2023-04-13T18:41:25+00:00","dateModified":"2023-04-13T18:41:25+00:00","breadcrumb":{"@id":"https:\/\/bip.zsbolechowo.edu.pl\/?page_id=448#breadcrumb"},"inLanguage":"pl-PL","potentialAction":[{"@type":"ReadAction","target":["https:\/\/bip.zsbolechowo.edu.pl\/?page_id=448"]}]},{"@type":"BreadcrumbList","@id":"https:\/\/bip.zsbolechowo.edu.pl\/?page_id=448#breadcrumb","itemListElement":[{"@type":"ListItem","position":1,"name":"Strona g\u0142\u00f3wna","item":"https:\/\/bip.zsbolechowo.edu.pl\/"},{"@type":"ListItem","position":2,"name":"Zapytania ofertowe 2022"}]},{"@type":"WebSite","@id":"https:\/\/bip.zsbolechowo.edu.pl\/#website","url":"https:\/\/bip.zsbolechowo.edu.pl\/","name":"BIP Zespo\u0142u Szk\u00f3\u0142 im. Gen. Dezyderego Ch\u0142apowskiego w Bolechowie","description":"Biuletyn Informacji Publicznej Zespo\u0142u Szk\u00f3\u0142 im. Gen. Dezyderego Ch\u0142apowskiego w Bolechowie","potentialAction":[{"@type":"SearchAction","target":{"@type":"EntryPoint","urlTemplate":"https:\/\/bip.zsbolechowo.edu.pl\/?s={search_term_string}"},"query-input":"required name=search_term_string"}],"inLanguage":"pl-PL"}]}},"_links":{"self":[{"href":"https:\/\/bip.zsbolechowo.edu.pl\/index.php?rest_route=\/wp\/v2\/pages\/448","targetHints":{"allow":["GET"]}}],"collection":[{"href":"https:\/\/bip.zsbolechowo.edu.pl\/index.php?rest_route=\/wp\/v2\/pages"}],"about":[{"href":"https:\/\/bip.zsbolechowo.edu.pl\/index.php?rest_route=\/wp\/v2\/types\/page"}],"author":[{"embeddable":true,"href":"https:\/\/bip.zsbolechowo.edu.pl\/index.php?rest_route=\/wp\/v2\/users\/1"}],"replies":[{"embeddable":true,"href":"https:\/\/bip.zsbolechowo.edu.pl\/index.php?rest_route=%2Fwp%2Fv2%2Fcomments&post=448"}],"version-history":[{"count":1,"href":"https:\/\/bip.zsbolechowo.edu.pl\/index.php?rest_route=\/wp\/v2\/pages\/448\/revisions"}],"predecessor-version":[{"id":450,"href":"https:\/\/bip.zsbolechowo.edu.pl\/index.php?rest_route=\/wp\/v2\/pages\/448\/revisions\/450"}],"wp:attachment":[{"href":"https:\/\/bip.zsbolechowo.edu.pl\/index.php?rest_route=%2Fwp%2Fv2%2Fmedia&parent=448"}],"curies":[{"name":"wp","href":"https:\/\/api.w.org\/{rel}","templated":true}]}}