{"id":423,"date":"2023-04-13T20:23:29","date_gmt":"2023-04-13T18:23:29","guid":{"rendered":"https:\/\/bip2.zsbolechowo.edu.pl\/?page_id=423"},"modified":"2023-04-13T20:24:43","modified_gmt":"2023-04-13T18:24:43","slug":"elektroniczna-skrzynka-podawcza","status":"publish","type":"page","link":"https:\/\/bip.zsbolechowo.edu.pl\/?page_id=423","title":{"rendered":"Elektroniczna skrzynka podawcza"},"content":{"rendered":"<p>Zgodnie z Ustaw\u0105 z dnia 17 lutego 2005r.\u00a0o informatyzacji dzia\u0142alno\u015bci podmiot\u00f3w realizuj\u0105cych zadania publiczne (Dz. U. z 2005r. Nr 64, poz. 565 ze zm.)<strong>\u00a0ZS w Bolechowie<\/strong>\u00a0uruchamia Elektroniczn\u0105 Skrzynk\u0119 Podawcz\u0105 celem dor\u0119czania pism w formie dokument\u00f3w elektronicznych. Aby z\u0142o\u017cy\u0107 wniosek w formie elektronicznej nale\u017cy za\u0142o\u017cy\u0107 bezp\u0142atne konto na platformie ePUAP:<\/p>\n<p>&nbsp;<\/p>\n<p><strong><a href=\"https:\/\/epuap.gov.pl\/wps\/portal\/E2_ZakladanieKonta\">bezp\u0142atne konto na platformie ePUAP<\/a><\/strong><\/p>\n<p>&nbsp;<\/p>\n<p>1. Dokumenty i formularze dor\u0119czane za pomoc\u0105 platformy\u00a0ePUAP musz\u0105 by\u0107 opatrzone:<\/p>\n<p>&nbsp;<\/p>\n<p>&#8211; \u00a0bezpiecznym podpisem elektronicznym weryfikowanym wa\u017cnym kwalifikowanym certyfikatem,<br \/>\nlub- podpisem potwierdzonym profilem zaufanym ePUAP.<\/p>\n<p>&nbsp;<\/p>\n<p>2. Dor\u0119czenie dokumentu przes\u0142anego na Elektroniczn\u0105 Skrzynk\u0119 Podawcz\u0105 zostanie potwierdzone Urz\u0119dowym Po\u015bwiadczeniem Odbioru, wys\u0142anym na Skrzynk\u0119 Kontaktow\u0105 U\u017cytkownika platformy.<\/p>\n<p>&nbsp;<\/p>\n<p>3. Wielko\u015b\u0107 wszystkich za\u0142\u0105cznik\u00f3w do\u0142\u0105czonych do jednego formularza (dokumentu elektronicznego) nie mo\u017ce przekroczy\u0107 3,5 MB.<\/p>\n","protected":false},"excerpt":{"rendered":"<p>Zgodnie z Ustaw\u0105 z dnia 17 lutego 2005r.\u00a0o informatyzacji dzia\u0142alno\u015bci podmiot\u00f3w realizuj\u0105cych zadania publiczne (Dz. U. z 2005r. Nr 64, poz. 565 ze zm.)\u00a0ZS w Bolechowie\u00a0uruchamia Elektroniczn\u0105 Skrzynk\u0119 Podawcz\u0105 celem dor\u0119czania pism w formie dokument\u00f3w elektronicznych. Aby z\u0142o\u017cy\u0107 wniosek w formie elektronicznej nale\u017cy za\u0142o\u017cy\u0107 bezp\u0142atne konto na platformie ePUAP: &nbsp; bezp\u0142atne konto na platformie ePUAP&hellip; <a class=\"more-link\" href=\"https:\/\/bip.zsbolechowo.edu.pl\/?page_id=423\">Czytaj dalej <span class=\"screen-reader-text\">Elektroniczna skrzynka podawcza<\/span><\/a><\/p>\n","protected":false},"author":1,"featured_media":0,"parent":0,"menu_order":0,"comment_status":"closed","ping_status":"closed","template":"","meta":{"_lmt_disableupdate":"no","_lmt_disable":"","footnotes":""},"class_list":["post-423","page","type-page","status-publish","hentry","entry"],"yoast_head":"<!-- This site is optimized with the Yoast SEO plugin v20.5 - https:\/\/yoast.com\/wordpress\/plugins\/seo\/ -->\n<title>Elektroniczna skrzynka podawcza - BIP Zespo\u0142u Szk\u00f3\u0142 im. Gen. Dezyderego Ch\u0142apowskiego w Bolechowie<\/title>\n<meta name=\"robots\" content=\"index, follow, max-snippet:-1, max-image-preview:large, max-video-preview:-1\" \/>\n<link rel=\"canonical\" href=\"https:\/\/bip.zsbolechowo.edu.pl\/?page_id=423\" \/>\n<meta property=\"og:locale\" content=\"pl_PL\" \/>\n<meta property=\"og:type\" content=\"article\" \/>\n<meta property=\"og:title\" content=\"Elektroniczna skrzynka podawcza - BIP Zespo\u0142u Szk\u00f3\u0142 im. Gen. Dezyderego Ch\u0142apowskiego w Bolechowie\" \/>\n<meta property=\"og:description\" content=\"Zgodnie z Ustaw\u0105 z dnia 17 lutego 2005r.\u00a0o informatyzacji dzia\u0142alno\u015bci podmiot\u00f3w realizuj\u0105cych zadania publiczne (Dz. U. z 2005r. Nr 64, poz. 565 ze zm.)\u00a0ZS w Bolechowie\u00a0uruchamia Elektroniczn\u0105 Skrzynk\u0119 Podawcz\u0105 celem dor\u0119czania pism w formie dokument\u00f3w elektronicznych. Aby z\u0142o\u017cy\u0107 wniosek w formie elektronicznej nale\u017cy za\u0142o\u017cy\u0107 bezp\u0142atne konto na platformie ePUAP: &nbsp; bezp\u0142atne konto na platformie ePUAP&hellip; Czytaj dalej Elektroniczna skrzynka podawcza\" \/>\n<meta property=\"og:url\" content=\"https:\/\/bip.zsbolechowo.edu.pl\/?page_id=423\" \/>\n<meta property=\"og:site_name\" content=\"BIP Zespo\u0142u Szk\u00f3\u0142 im. Gen. Dezyderego Ch\u0142apowskiego w Bolechowie\" \/>\n<meta property=\"article:modified_time\" content=\"2023-04-13T18:24:43+00:00\" \/>\n<meta name=\"twitter:card\" content=\"summary_large_image\" \/>\n<meta name=\"twitter:label1\" content=\"Szacowany czas czytania\" \/>\n\t<meta name=\"twitter:data1\" content=\"1 minuta\" \/>\n<script type=\"application\/ld+json\" class=\"yoast-schema-graph\">{\"@context\":\"https:\/\/schema.org\",\"@graph\":[{\"@type\":\"WebPage\",\"@id\":\"https:\/\/bip.zsbolechowo.edu.pl\/?page_id=423\",\"url\":\"https:\/\/bip.zsbolechowo.edu.pl\/?page_id=423\",\"name\":\"Elektroniczna skrzynka podawcza - BIP Zespo\u0142u Szk\u00f3\u0142 im. Gen. Dezyderego Ch\u0142apowskiego w Bolechowie\",\"isPartOf\":{\"@id\":\"https:\/\/bip.zsbolechowo.edu.pl\/#website\"},\"datePublished\":\"2023-04-13T18:23:29+00:00\",\"dateModified\":\"2023-04-13T18:24:43+00:00\",\"breadcrumb\":{\"@id\":\"https:\/\/bip.zsbolechowo.edu.pl\/?page_id=423#breadcrumb\"},\"inLanguage\":\"pl-PL\",\"potentialAction\":[{\"@type\":\"ReadAction\",\"target\":[\"https:\/\/bip.zsbolechowo.edu.pl\/?page_id=423\"]}]},{\"@type\":\"BreadcrumbList\",\"@id\":\"https:\/\/bip.zsbolechowo.edu.pl\/?page_id=423#breadcrumb\",\"itemListElement\":[{\"@type\":\"ListItem\",\"position\":1,\"name\":\"Strona g\u0142\u00f3wna\",\"item\":\"https:\/\/bip.zsbolechowo.edu.pl\/\"},{\"@type\":\"ListItem\",\"position\":2,\"name\":\"Elektroniczna skrzynka podawcza\"}]},{\"@type\":\"WebSite\",\"@id\":\"https:\/\/bip.zsbolechowo.edu.pl\/#website\",\"url\":\"https:\/\/bip.zsbolechowo.edu.pl\/\",\"name\":\"BIP Zespo\u0142u Szk\u00f3\u0142 im. Gen. Dezyderego Ch\u0142apowskiego w Bolechowie\",\"description\":\"Biuletyn Informacji Publicznej Zespo\u0142u Szk\u00f3\u0142 im. Gen. Dezyderego Ch\u0142apowskiego w Bolechowie\",\"potentialAction\":[{\"@type\":\"SearchAction\",\"target\":{\"@type\":\"EntryPoint\",\"urlTemplate\":\"https:\/\/bip.zsbolechowo.edu.pl\/?s={search_term_string}\"},\"query-input\":\"required name=search_term_string\"}],\"inLanguage\":\"pl-PL\"}]}<\/script>\n<!-- \/ Yoast SEO plugin. -->","yoast_head_json":{"title":"Elektroniczna skrzynka podawcza - BIP Zespo\u0142u Szk\u00f3\u0142 im. Gen. Dezyderego Ch\u0142apowskiego w Bolechowie","robots":{"index":"index","follow":"follow","max-snippet":"max-snippet:-1","max-image-preview":"max-image-preview:large","max-video-preview":"max-video-preview:-1"},"canonical":"https:\/\/bip.zsbolechowo.edu.pl\/?page_id=423","og_locale":"pl_PL","og_type":"article","og_title":"Elektroniczna skrzynka podawcza - BIP Zespo\u0142u Szk\u00f3\u0142 im. Gen. Dezyderego Ch\u0142apowskiego w Bolechowie","og_description":"Zgodnie z Ustaw\u0105 z dnia 17 lutego 2005r.\u00a0o informatyzacji dzia\u0142alno\u015bci podmiot\u00f3w realizuj\u0105cych zadania publiczne (Dz. U. z 2005r. Nr 64, poz. 565 ze zm.)\u00a0ZS w Bolechowie\u00a0uruchamia Elektroniczn\u0105 Skrzynk\u0119 Podawcz\u0105 celem dor\u0119czania pism w formie dokument\u00f3w elektronicznych. Aby z\u0142o\u017cy\u0107 wniosek w formie elektronicznej nale\u017cy za\u0142o\u017cy\u0107 bezp\u0142atne konto na platformie ePUAP: &nbsp; bezp\u0142atne konto na platformie ePUAP&hellip; Czytaj dalej Elektroniczna skrzynka podawcza","og_url":"https:\/\/bip.zsbolechowo.edu.pl\/?page_id=423","og_site_name":"BIP Zespo\u0142u Szk\u00f3\u0142 im. Gen. Dezyderego Ch\u0142apowskiego w Bolechowie","article_modified_time":"2023-04-13T18:24:43+00:00","twitter_card":"summary_large_image","twitter_misc":{"Szacowany czas czytania":"1 minuta"},"schema":{"@context":"https:\/\/schema.org","@graph":[{"@type":"WebPage","@id":"https:\/\/bip.zsbolechowo.edu.pl\/?page_id=423","url":"https:\/\/bip.zsbolechowo.edu.pl\/?page_id=423","name":"Elektroniczna skrzynka podawcza - BIP Zespo\u0142u Szk\u00f3\u0142 im. Gen. Dezyderego Ch\u0142apowskiego w Bolechowie","isPartOf":{"@id":"https:\/\/bip.zsbolechowo.edu.pl\/#website"},"datePublished":"2023-04-13T18:23:29+00:00","dateModified":"2023-04-13T18:24:43+00:00","breadcrumb":{"@id":"https:\/\/bip.zsbolechowo.edu.pl\/?page_id=423#breadcrumb"},"inLanguage":"pl-PL","potentialAction":[{"@type":"ReadAction","target":["https:\/\/bip.zsbolechowo.edu.pl\/?page_id=423"]}]},{"@type":"BreadcrumbList","@id":"https:\/\/bip.zsbolechowo.edu.pl\/?page_id=423#breadcrumb","itemListElement":[{"@type":"ListItem","position":1,"name":"Strona g\u0142\u00f3wna","item":"https:\/\/bip.zsbolechowo.edu.pl\/"},{"@type":"ListItem","position":2,"name":"Elektroniczna skrzynka podawcza"}]},{"@type":"WebSite","@id":"https:\/\/bip.zsbolechowo.edu.pl\/#website","url":"https:\/\/bip.zsbolechowo.edu.pl\/","name":"BIP Zespo\u0142u Szk\u00f3\u0142 im. Gen. Dezyderego Ch\u0142apowskiego w Bolechowie","description":"Biuletyn Informacji Publicznej Zespo\u0142u Szk\u00f3\u0142 im. Gen. Dezyderego Ch\u0142apowskiego w Bolechowie","potentialAction":[{"@type":"SearchAction","target":{"@type":"EntryPoint","urlTemplate":"https:\/\/bip.zsbolechowo.edu.pl\/?s={search_term_string}"},"query-input":"required name=search_term_string"}],"inLanguage":"pl-PL"}]}},"_links":{"self":[{"href":"https:\/\/bip.zsbolechowo.edu.pl\/index.php?rest_route=\/wp\/v2\/pages\/423","targetHints":{"allow":["GET"]}}],"collection":[{"href":"https:\/\/bip.zsbolechowo.edu.pl\/index.php?rest_route=\/wp\/v2\/pages"}],"about":[{"href":"https:\/\/bip.zsbolechowo.edu.pl\/index.php?rest_route=\/wp\/v2\/types\/page"}],"author":[{"embeddable":true,"href":"https:\/\/bip.zsbolechowo.edu.pl\/index.php?rest_route=\/wp\/v2\/users\/1"}],"replies":[{"embeddable":true,"href":"https:\/\/bip.zsbolechowo.edu.pl\/index.php?rest_route=%2Fwp%2Fv2%2Fcomments&post=423"}],"version-history":[{"count":3,"href":"https:\/\/bip.zsbolechowo.edu.pl\/index.php?rest_route=\/wp\/v2\/pages\/423\/revisions"}],"predecessor-version":[{"id":427,"href":"https:\/\/bip.zsbolechowo.edu.pl\/index.php?rest_route=\/wp\/v2\/pages\/423\/revisions\/427"}],"wp:attachment":[{"href":"https:\/\/bip.zsbolechowo.edu.pl\/index.php?rest_route=%2Fwp%2Fv2%2Fmedia&parent=423"}],"curies":[{"name":"wp","href":"https:\/\/api.w.org\/{rel}","templated":true}]}}