{"id":392,"date":"2023-04-13T20:09:57","date_gmt":"2023-04-13T18:09:57","guid":{"rendered":"https:\/\/bip2.zsbolechowo.edu.pl\/?page_id=392"},"modified":"2023-04-13T20:10:39","modified_gmt":"2023-04-13T18:10:39","slug":"instrukcja-korzystania-z-bip","status":"publish","type":"page","link":"https:\/\/bip.zsbolechowo.edu.pl\/?page_id=392","title":{"rendered":"Instrukcja korzystania z BIP"},"content":{"rendered":"\r\n<p>Ilekro\u0107 w niniejszej instrukcji stosuje si\u0119 okre\u015blenie:<\/p>\r\n<p>&nbsp;<\/p>\r\n<ol>\r\n<li><strong>BIP<\/strong> &#8211; oznacza Biuletyn Informacji Publicznej, utworzony na podstawie ustawy o dost\u0119pie do informacji publicznej (Dz. U. z 2001 r. Nr 112, poz. 1198.) oraz rozporz\u0105dzenia Ministra Spraw Wewn\u0119trznych i Administracji z dnia 17 maja 2002 r. w sprawie Biuletynu Informacji Publicznej (Dz. U. z 2002 r. Nr 67, poz. 619),<\/li>\r\n<li><strong>Podmiot<\/strong> &#8211; oznacza dysponenta niniejszej podmiotowej strony Biuletynu Informacji Publicznej o nazwie jaka jest zamieszczona na stronie g\u0142\u00f3wnej<\/li>\r\n<\/ol>\r\n<p>&nbsp;<\/p>\r\n<p>W naszym Biuletynie Informacji Publicznej (BIP) publikujemy informacje dotycz\u0105ce prowadzonej przez nasz\u0105 organizacj\u0119 dzia\u0142alno\u015bci po\u017cytku publicznego, w tym tej finansowanej ze \u015brodk\u00f3w publicznych.<\/p>\r\n<p>&nbsp;<\/p>\r\n\r\n\r\n\r\n<p>Aby odnale\u017a\u0107 poszukiwane informacje, przejd\u017a na stron\u0119 g\u0142\u00f3wn\u0105 naszego BIP i:<\/p>\r\n<p>&nbsp;<\/p>\r\n\r\n\r\n\r\n<ol class=\"wp-block-list\">\r\n<li>skorzystaj z wyszukiwarki, wpisuj\u0105c odpowiedni\u0105 fraz\u0119 w pole u g\u00f3ry strony, lub<\/li>\r\n<li>skorzystaj z odno\u015bnik\u00f3w znajduj\u0105cych si\u0119 w menu g\u0142\u00f3wnym po lewej stronie<\/li>\r\n<\/ol>\r\n<p>&nbsp;<\/p>\r\n<p>Na ka\u017cdej stronie BIP wy\u015bwietlana jest informacja:<\/p>\r\n<p>&nbsp;<\/p>\r\n<ol>\r\n<li>kto jest redaktorem tre\u015bci ogl\u0105danej strony,<\/li>\r\n<li>kiedy dokonano ostatniej modyfikacji ogl\u0105danej strony (data i godzina).<\/li>\r\n<\/ol>\r\n<p>&nbsp;<\/p>\r\n\r\n\r\n\r\n<p>Je\u015bli nie znajdziesz poszukiwanej informacji w BIP, skontaktuj si\u0119 z nami, korzystaj\u0105c z adresu mailowego lub numeru telefonu podanego na stronie.<\/p>\r\n<p>&nbsp;<\/p>\r\n\r\n<p>Dost\u0119p do informacji publicznych udost\u0119pnionych w BIP Zespo\u0142u Szk\u00f3\u0142 im. Gen. Dezyderego Ch\u0142apowskiego w Bolechowie jest r\u00f3wnie\u017c mo\u017cliwy poprzez stron\u0119 g\u0142\u00f3wn\u0105 BIP, tworzon\u0105 przez ministra w\u0142a\u015bciwego do spraw administracji publicznej pod adresem URL &#8211; www.bip.gov.pl, kt\u00f3rego logo i adres znajduj\u0105 si\u0119 w lewym g\u00f3rnym rogu na ka\u017cdej stronie serwisu.<\/p>","protected":false},"excerpt":{"rendered":"<p>Ilekro\u0107 w niniejszej instrukcji stosuje si\u0119 okre\u015blenie: &nbsp; BIP &#8211; oznacza Biuletyn Informacji Publicznej, utworzony na podstawie ustawy o dost\u0119pie do informacji publicznej (Dz. U. z 2001 r. Nr 112, poz. 1198.) oraz rozporz\u0105dzenia Ministra Spraw Wewn\u0119trznych i Administracji z dnia 17 maja 2002 r. w sprawie Biuletynu Informacji Publicznej (Dz. U. z 2002 r.&hellip; <a class=\"more-link\" href=\"https:\/\/bip.zsbolechowo.edu.pl\/?page_id=392\">Czytaj dalej <span class=\"screen-reader-text\">Instrukcja korzystania z BIP<\/span><\/a><\/p>\n","protected":false},"author":1,"featured_media":0,"parent":0,"menu_order":0,"comment_status":"closed","ping_status":"closed","template":"","meta":{"_lmt_disableupdate":"no","_lmt_disable":"","footnotes":""},"class_list":["post-392","page","type-page","status-publish","hentry","entry"],"yoast_head":"<!-- This site is optimized with the Yoast SEO plugin v20.5 - https:\/\/yoast.com\/wordpress\/plugins\/seo\/ -->\n<title>Instrukcja korzystania z BIP - BIP Zespo\u0142u Szk\u00f3\u0142 im. Gen. Dezyderego Ch\u0142apowskiego w Bolechowie<\/title>\n<meta name=\"robots\" content=\"index, follow, max-snippet:-1, max-image-preview:large, max-video-preview:-1\" \/>\n<link rel=\"canonical\" href=\"https:\/\/bip.zsbolechowo.edu.pl\/?page_id=392\" \/>\n<meta property=\"og:locale\" content=\"pl_PL\" \/>\n<meta property=\"og:type\" content=\"article\" \/>\n<meta property=\"og:title\" content=\"Instrukcja korzystania z BIP - BIP Zespo\u0142u Szk\u00f3\u0142 im. Gen. Dezyderego Ch\u0142apowskiego w Bolechowie\" \/>\n<meta property=\"og:description\" content=\"Ilekro\u0107 w niniejszej instrukcji stosuje si\u0119 okre\u015blenie: &nbsp; BIP &#8211; oznacza Biuletyn Informacji Publicznej, utworzony na podstawie ustawy o dost\u0119pie do informacji publicznej (Dz. U. z 2001 r. Nr 112, poz. 1198.) oraz rozporz\u0105dzenia Ministra Spraw Wewn\u0119trznych i Administracji z dnia 17 maja 2002 r. w sprawie Biuletynu Informacji Publicznej (Dz. U. z 2002 r.&hellip; Czytaj dalej Instrukcja korzystania z BIP\" \/>\n<meta property=\"og:url\" content=\"https:\/\/bip.zsbolechowo.edu.pl\/?page_id=392\" \/>\n<meta property=\"og:site_name\" content=\"BIP Zespo\u0142u Szk\u00f3\u0142 im. Gen. Dezyderego Ch\u0142apowskiego w Bolechowie\" \/>\n<meta property=\"article:modified_time\" content=\"2023-04-13T18:10:39+00:00\" \/>\n<meta name=\"twitter:card\" content=\"summary_large_image\" \/>\n<meta name=\"twitter:label1\" content=\"Szacowany czas czytania\" \/>\n\t<meta name=\"twitter:data1\" content=\"2 minuty\" \/>\n<script type=\"application\/ld+json\" class=\"yoast-schema-graph\">{\"@context\":\"https:\/\/schema.org\",\"@graph\":[{\"@type\":\"WebPage\",\"@id\":\"https:\/\/bip.zsbolechowo.edu.pl\/?page_id=392\",\"url\":\"https:\/\/bip.zsbolechowo.edu.pl\/?page_id=392\",\"name\":\"Instrukcja korzystania z BIP - BIP Zespo\u0142u Szk\u00f3\u0142 im. Gen. Dezyderego Ch\u0142apowskiego w Bolechowie\",\"isPartOf\":{\"@id\":\"https:\/\/bip.zsbolechowo.edu.pl\/#website\"},\"datePublished\":\"2023-04-13T18:09:57+00:00\",\"dateModified\":\"2023-04-13T18:10:39+00:00\",\"breadcrumb\":{\"@id\":\"https:\/\/bip.zsbolechowo.edu.pl\/?page_id=392#breadcrumb\"},\"inLanguage\":\"pl-PL\",\"potentialAction\":[{\"@type\":\"ReadAction\",\"target\":[\"https:\/\/bip.zsbolechowo.edu.pl\/?page_id=392\"]}]},{\"@type\":\"BreadcrumbList\",\"@id\":\"https:\/\/bip.zsbolechowo.edu.pl\/?page_id=392#breadcrumb\",\"itemListElement\":[{\"@type\":\"ListItem\",\"position\":1,\"name\":\"Strona g\u0142\u00f3wna\",\"item\":\"https:\/\/bip.zsbolechowo.edu.pl\/\"},{\"@type\":\"ListItem\",\"position\":2,\"name\":\"Instrukcja korzystania z BIP\"}]},{\"@type\":\"WebSite\",\"@id\":\"https:\/\/bip.zsbolechowo.edu.pl\/#website\",\"url\":\"https:\/\/bip.zsbolechowo.edu.pl\/\",\"name\":\"BIP Zespo\u0142u Szk\u00f3\u0142 im. Gen. Dezyderego Ch\u0142apowskiego w Bolechowie\",\"description\":\"Biuletyn Informacji Publicznej Zespo\u0142u Szk\u00f3\u0142 im. Gen. Dezyderego Ch\u0142apowskiego w Bolechowie\",\"potentialAction\":[{\"@type\":\"SearchAction\",\"target\":{\"@type\":\"EntryPoint\",\"urlTemplate\":\"https:\/\/bip.zsbolechowo.edu.pl\/?s={search_term_string}\"},\"query-input\":\"required name=search_term_string\"}],\"inLanguage\":\"pl-PL\"}]}<\/script>\n<!-- \/ Yoast SEO plugin. -->","yoast_head_json":{"title":"Instrukcja korzystania z BIP - BIP Zespo\u0142u Szk\u00f3\u0142 im. Gen. Dezyderego Ch\u0142apowskiego w Bolechowie","robots":{"index":"index","follow":"follow","max-snippet":"max-snippet:-1","max-image-preview":"max-image-preview:large","max-video-preview":"max-video-preview:-1"},"canonical":"https:\/\/bip.zsbolechowo.edu.pl\/?page_id=392","og_locale":"pl_PL","og_type":"article","og_title":"Instrukcja korzystania z BIP - BIP Zespo\u0142u Szk\u00f3\u0142 im. Gen. Dezyderego Ch\u0142apowskiego w Bolechowie","og_description":"Ilekro\u0107 w niniejszej instrukcji stosuje si\u0119 okre\u015blenie: &nbsp; BIP &#8211; oznacza Biuletyn Informacji Publicznej, utworzony na podstawie ustawy o dost\u0119pie do informacji publicznej (Dz. U. z 2001 r. Nr 112, poz. 1198.) oraz rozporz\u0105dzenia Ministra Spraw Wewn\u0119trznych i Administracji z dnia 17 maja 2002 r. w sprawie Biuletynu Informacji Publicznej (Dz. U. z 2002 r.&hellip; Czytaj dalej Instrukcja korzystania z BIP","og_url":"https:\/\/bip.zsbolechowo.edu.pl\/?page_id=392","og_site_name":"BIP Zespo\u0142u Szk\u00f3\u0142 im. Gen. Dezyderego Ch\u0142apowskiego w Bolechowie","article_modified_time":"2023-04-13T18:10:39+00:00","twitter_card":"summary_large_image","twitter_misc":{"Szacowany czas czytania":"2 minuty"},"schema":{"@context":"https:\/\/schema.org","@graph":[{"@type":"WebPage","@id":"https:\/\/bip.zsbolechowo.edu.pl\/?page_id=392","url":"https:\/\/bip.zsbolechowo.edu.pl\/?page_id=392","name":"Instrukcja korzystania z BIP - BIP Zespo\u0142u Szk\u00f3\u0142 im. Gen. Dezyderego Ch\u0142apowskiego w Bolechowie","isPartOf":{"@id":"https:\/\/bip.zsbolechowo.edu.pl\/#website"},"datePublished":"2023-04-13T18:09:57+00:00","dateModified":"2023-04-13T18:10:39+00:00","breadcrumb":{"@id":"https:\/\/bip.zsbolechowo.edu.pl\/?page_id=392#breadcrumb"},"inLanguage":"pl-PL","potentialAction":[{"@type":"ReadAction","target":["https:\/\/bip.zsbolechowo.edu.pl\/?page_id=392"]}]},{"@type":"BreadcrumbList","@id":"https:\/\/bip.zsbolechowo.edu.pl\/?page_id=392#breadcrumb","itemListElement":[{"@type":"ListItem","position":1,"name":"Strona g\u0142\u00f3wna","item":"https:\/\/bip.zsbolechowo.edu.pl\/"},{"@type":"ListItem","position":2,"name":"Instrukcja korzystania z BIP"}]},{"@type":"WebSite","@id":"https:\/\/bip.zsbolechowo.edu.pl\/#website","url":"https:\/\/bip.zsbolechowo.edu.pl\/","name":"BIP Zespo\u0142u Szk\u00f3\u0142 im. Gen. Dezyderego Ch\u0142apowskiego w Bolechowie","description":"Biuletyn Informacji Publicznej Zespo\u0142u Szk\u00f3\u0142 im. Gen. Dezyderego Ch\u0142apowskiego w Bolechowie","potentialAction":[{"@type":"SearchAction","target":{"@type":"EntryPoint","urlTemplate":"https:\/\/bip.zsbolechowo.edu.pl\/?s={search_term_string}"},"query-input":"required name=search_term_string"}],"inLanguage":"pl-PL"}]}},"_links":{"self":[{"href":"https:\/\/bip.zsbolechowo.edu.pl\/index.php?rest_route=\/wp\/v2\/pages\/392","targetHints":{"allow":["GET"]}}],"collection":[{"href":"https:\/\/bip.zsbolechowo.edu.pl\/index.php?rest_route=\/wp\/v2\/pages"}],"about":[{"href":"https:\/\/bip.zsbolechowo.edu.pl\/index.php?rest_route=\/wp\/v2\/types\/page"}],"author":[{"embeddable":true,"href":"https:\/\/bip.zsbolechowo.edu.pl\/index.php?rest_route=\/wp\/v2\/users\/1"}],"replies":[{"embeddable":true,"href":"https:\/\/bip.zsbolechowo.edu.pl\/index.php?rest_route=%2Fwp%2Fv2%2Fcomments&post=392"}],"version-history":[{"count":2,"href":"https:\/\/bip.zsbolechowo.edu.pl\/index.php?rest_route=\/wp\/v2\/pages\/392\/revisions"}],"predecessor-version":[{"id":395,"href":"https:\/\/bip.zsbolechowo.edu.pl\/index.php?rest_route=\/wp\/v2\/pages\/392\/revisions\/395"}],"wp:attachment":[{"href":"https:\/\/bip.zsbolechowo.edu.pl\/index.php?rest_route=%2Fwp%2Fv2%2Fmedia&parent=392"}],"curies":[{"name":"wp","href":"https:\/\/api.w.org\/{rel}","templated":true}]}}